ands digit of 71086717?
6
What is the ten thousands digit of 254758564?
5
What is the thousands digit of 403284235?
4
What is the hundred thousands digit of 61685995?
6
What is the hundreds digit of 238029619?
6
What is the hundred thousands digit of 4439238141?
2
What is the thousands digit of 1580780868?
0
What is the ten thousands digit of 8044726186?
2
What is the thousands digit of 696694965?
4
What is the hundred thousands digit of 2589222?
5
What is the millions digit of 81468477?
1
What is the units digit of 22971439?
9
What is the hundred thousands digit of 40183854?
1
What is the units digit of 212929149?
9
What is the hundred millions digit of 2544312152?
5
What is the hundreds digit of 74284135?
1
What is the tens digit of 1970092887?
8
What is the hundred thousands digit of 181366678?
3
What is the hundred thousands digit of 2860560770?
5
What is the thousands digit of 319194789?
4
What is the units digit of 58387501?
1
What is the hundred millions digit of 1757384888?
7
What is the units digit of 214724033?
3
What is the tens digit of 89195038?
3
What is the ten thousands digit of 1139556527?
5
What is the thousands digit of 354116643?
6
What is the ten thousands digit of 838990350?
9
What is the hundreds digit of 99661696?
6
What is the units digit of 226024191?
1
What is the hundred millions digit of 776723415?
7
What is the millions digit of 53459792?
3
What is the ten millions digit of 27751815?
2
What is the millions digit of 142798729?
2
What is the units digit of 8816919?
9
What is the thousands digit of 5640193183?
3
What is the millions digit of 298879679?
8
What is the hundreds digit of 15382704?
7
What is the millions digit of 94334445?
4
What is the hundreds digit of 5994553501?
5
What is the ten thousands digit of 344134399?
3
What is the ten thousands digit of 363329477?
2
What is the thousands digit of 18145746?
5
What is the hundred millions digit of 1130196294?
1
What is the hundred thousands digit of 38724661?
7
What is the ten thousands digit of 224885663?
8
What is the millions digit of 65426498?
5
What is the hundred thousands digit of 35561494?
5
What is the hundreds digit of 83521424?
4
What is the millions digit of 106935147?
6
What is the units digit of 66357502?
2
What is the hundred millions digit of 247945332?
2
What is the millions digit of 888839044?
8
What is the thousands digit of 815144304?
4
What is the hundred thousands digit of 412499998?
4
What is the hundred millions digit of 3538693178?
5
What is the ten millions digit of 632063636?
3
What is the billions digit of 5788091610?
5
What is the hundred millions digit of 1213557415?
2
What is the ten millions digit of 33813910?
3
What is the millions digit of 43277770?
3
What is the hundred thousands digit of 22115786?
1
What is the hundred thousands digit of 1056602376?
6
What is the tens digit of 4580596289?
8
What is the units digit of 95721074?
4
What is the hundred thousands digit of 6845287013?
2
What is the ten millions digit of 1262342602?
6
What is the thousands digit of 22916127?
6
What is the ten millions digit of 151495034?
5
What is the millions digit of 830133831?
0
What is the ten millions digit of 97194878?
9
What is the tens digit of 32895106?
0
What is the millions digit of 40467482?
0
What is the units digit of 47571969?
9
What is the tens digit of 1184311327?
2
What is the hundreds digit of 4257018241?
2
What is the tens digit of 624919506?
0
What is the tens digit of 43623248?
4
What is the units digit of 380046302?
2
What is the hundred thousands digit of 519408879?
4
What is the ten millions digit of 421680353?
2
What is the millions digit of 44720181?
4
What is the hundred millions digit of 3435154004?
4
What is the thousands digit of 435622504?
2
What is the units digit of 1554908608?
8
What is the hundred thousands digit of 3141985?
1
What is the millions digit of 4480674150?
0
What is the hundreds digit of 2689600841?
8
What is the tens digit of 78878739?
3
What is the hundred thousands digit of 1726349574?
3
What is the units digit of 5334675130?
0
What is the tens digit of 66733306?
0
What is the hundred millions digit of 2753378027?
7
What is the hundreds digit of 112679916?
9
What is the hundreds digit of 93065280?
2
What is the billions digit of 2416850010?
2
What is the thousands digit of 91444591?
4
What is the ten millions digit of 3788741288?
8
What is the hundreds digit of 58161451?
4
What is the hundreds digit of 741947?
9
What is the ten millions digit of 47730941?
4
What is the tens digit of 21356984?
8
What is the billions digit of 1016310424?
1
What is the hundred thousands digit of 611785470?
7
What is the hundred thousands digit of 1985045343?
0
What is the hundreds digit of 494312176?
1
What is the hundreds digit of 185107981?
9
What is the tens digit of 7666067?
6
What is the hundred millions digit of 1843271328?
8
What is the ten millions digit of 42108909?
4
What is the millions digit of 41315914?
1
What is the hundred millions digit of 201121750?
2
What is the ten thousands digit of 1083070061?
7
What is the hundreds digit of 48434290?
2
What is the hundred thousands digit of 35464813?
4
What is the tens digit of 5691857?
5
What is the ten thousands digit of 348430290?
3
What is the hundreds digit of 353412147?
1
What is the hundreds digit of 1511168655?
6
What is the hundred millions digit of 365027509?
3
What is the units digit of 635639772?
2
What is the hundred millions digit of 119486693?
1
What is the thousands digit of 33808247?
8
What is the thousands digit of 68306915?
6
What is the thousands digit of 99212345?
2
What is the ten millions digit of 3088925430?
8
What is the hundred thousands digit of 35044994?
0
What is the ten thousands digit of 36141032?
4
What is the ten thousands digit of 535928238?
2
What is the hundreds digit of 135794635?
6
What is the hundreds digit of 100046957?
9
What is the hundred thousands digit of 50941147?
9
What is the hundred millions digit of 3395349066?
3
What is the ten thousands digit of 1361127833?
2
What is the ten thousands digit of 94562808?
6
What is the thousands digit of 71144586?
4
What is the hundred thousands digit of 183548923?
5
What is the millions digit of 1685297260?
5
What is the hundred thousands digit of 82887319?
8
What is the hundreds digit of 3285727670?
6
What is the tens digit of 33842609?
0
What is the units digit of 4344236742?
2
What is the units digit of 3902639620?
0
What is the hundred millions digit of 2415344324?
4
What is the ten millions digit of 328059649?
2
What is the units digit of 2625300047?
7
What is the hundreds digit of 740583726?
7
What is the millions digit of 387097633?
7
What is the hundred millions digit of 264558978?
2
What is the hundred millions digit of 1266894616?
2
What is the tens digit of 84491876?
7
What is the ten thousands digit of 357150531?
5
What is the units digit of 370590963?
3
What is the ten millions digit of 57597602?
5
What is the units digit of 62573139?
9
What is the hundred thousands digit of 3139863615?
8
What is the ten millions digit of 30177603?
3
What is the ten millions digit of 105671485?
0
What is the hundred millions digit of 407084816?
4
What is the millions digit of 1453189719?
3
What is the hundreds digit of 226935412?
4
What is the hundred millions digit of 530285579?
5
What is the thousands digit of 131293811?
3
What is the thousands digit of 148070186?
0
What is the ten millions digit of 522398629?
2
What is the millions digit of 182327650?
2
What is the hundred thousands digit of 225839635?
8
What is the millions digit of 152667748?
2
What is the hundred thousands digit of 159367207?
3
What is the ten millions digit of 411868663?
1
What is the thousands digit of 354188748?
8
What is the hundreds digit of 9801118?
1
What is the units digit of 79211904?
4
What is the ten thousands digit of 4368118573?
1
What is the billions digit of 1075668047?
1
What is the ten millions digit of 1030251855?
3
What is the ten millions digit of 238852507?
3
What is the ten thousands digit of 102198209?
9
What is the thousands digit of 35689434?
9
What is the ten thousands digit of 2254273929?
7
What is the units digit of 480004069?
9
What is the hundred thousands digit of 149267620?
2